0
Let q(s) = s**3 + 5*s**2 + 22*s + 76. Calculate q(-3).
28
Let l(h) = -h**3 - 3*h**2 + 1551*h - 3103. Give l(2).
-21
Let g(u) = 75*u + 582. Determine g(-8).
-18
Let i(f) = -f**2 - 43*f - 261. What is i(-7)?
-9
Let i(n) = -n**2 + 248*n + 10. Give i(0).
10
Let g(i) = 15*i**2 - 55*i + 25. Determine g(4).
45
Let k(x) = -46*x + 171. Give k(5).
-59
Let i(d) = -134*d - 929. Determine i(-8).
143
Let k(u) = 1612*u + 32241. What is k(-20)?
1
Let i(n) = -n**2 - 60*n - 542. Calculate i(-11).
-3
Let t(n) = n**2 - 109*n + 242. Give t(107).
28
Let c(x) = -x**3 + 11*x**2 - 8*x - 9. What is c(5)?
101
Let o(c) = -17*c + 1145. Give o(6).
1043
Let o(a) = 27*a - 1567. Calculate o(57).
-28
Let v(u) = u**3 - 69*u**2 - 150*u - 14. Determine v(-2).
2
Let h(w) = 28*w + 15. Give h(-2).
-41
Let x(z) = 42*z - 1369. Calculate x(20).
-529
Let m(o) = -o**3 + 5*o**2 + 49*o - 253. Give m(6).
5
Let i(r) = 1637*r + 14727. Determine i(-9).
-6
Let x(t) = -5*t**3 - 9*t**2 + 41*t + 75. What is x(-2)?
-3
Let m(c) = -5*c**3 - 6*c**2 - 14*c - 14. Give m(-3).
109
Let o(i) = 2*i**3 + 13*i**2 - 8*i - 69. Determine o(-7).
-62
Let s(v) = v**3 - 13*v**2 + 20*v - 12. Determine s(9).
-156
Let j(y) = -y**2 - 2*y + 72. Determine j(-10).
-8
Let v(f) = -384*f + 762. Calculate v(2).
-6
Let w(d) = -2*d**2 + 247*d - 3983. Determine w(19).
-12
Let x(r) = -r**2 + 38*r + 415. Calculate x(-9).
-8
Let k(h) = 43*h + 3992. Calculate k(-93).
-7
Let s(i) = i**2 + 161*i - 998. Give s(6).
4
Let s(p) = p**2 - 109*p - 4347. Give s(140).
-7
Let l(w) = 122*w + 1859. What is l(-16)?
-93
Let l(w) = -1314*w - 1275. Determine l(-1).
39
Let z(h) = -h**2 - 2*h - 1. Give z(7).
-64
Let h(i) = -19*i - 32. Give h(-7).
101
Let d(t) = t**3 - 42*t**2 - 38*t - 164. What is d(43)?
51
Let m(v) = 336*v + 3009. Determine m(-9).
-15
Let g(o) = -87*o - 110. What is g(-3)?
151
Let a(n) = -n**3 + 17*n**2 + 54*n + 144. Calculate a(20).
24
Let f(k) = 2*k**2 + 67*k + 63. What is f(10)?
933
Let z(o) = 1074*o - 3215. Calculate z(3).
7
Let t(d) = -2*d**2 + 139*d + 592. Give t(-4).
4
Let g(d) = 7*d**2. Calculate g(2).
28
Let z(j) = -j**3 + 27*j**2 - 32*j + 193. Calculate z(26).
37
Let w(z) = z**3 - 2*z**2 - 63*z + 126. Calculate w(8).
6
Let x(r) = r**3 + 21*r**2 - 44*r + 51. Give x(-23).
5
Let j(w) = -6*w - 136. Calculate j(14).
-220
Let q(t) = -5*t**2 + 63*t + 15. What is q(15)?
-165
Let x(b) = 1039*b + 7278. Determine x(-7).
5
Let x(a) = 38*a**3 - 216*a**2 - 81*a + 57. What is x(6)?
3
Let i(p) = -6*p**2 - 412*p + 565. Calculate i(-70).
5
Let q(k) = k**3 + 37*k**2 + 28*k + 1014. Determine q(-37).
-22
Let f(m) = 3*m**3 - 72*m**2 - 2*m + 65. Determine f(24).
17
Let g(i) = 3975*i + 23848. Calculate g(-6).
-2
Let v(n) = 44*n + 27. Give v(1).
71
Let d(x) = -6964*x + 285522. Give d(41).
-2
Let u(h) = -10*h - 209. What is u(0)?
-209
Let i(j) = -j**2 + 912*j - 90286. Give i(113).
1
Let b(z) = z**3 + 28*z**2 - 298*z + 90. What is b(8)?
10
Let m(s) = 2*s**3 - 3*s**2 - 427*s + 30. What is m(-14)?
-68
Let i(t) = -t**3 - 5*t**2 - 140*t - 544. Calculate i(-4).
0
Let d(z) = -6*z**2 - 107*z - 91. Give d(-17).
-6
Let u(y) = 799*y + 7213. What is u(-9)?
22
Let l(u) = 140*u**2 - 4*u + 11. What is l(-1)?
155
Let z(s) = 8*s**2 - 26*s + 128. Give z(6).
260
Let a(l) = 72*l**2 + 18*l - 39. Give a(2).
285
Let s(v) = 5*v**2 + 6*v - 13. What is s(-7)?
190
Let b(a) = a**3 - 95*a**2 + 15*a - 1426. What is b(95)?
-1
Let m(y) = -30*y**3 - 2*y**2 - 6*y - 3. Calculate m(-1).
31
Let h(i) = 2*i**3 + 34*i**2 - 162. Give h(-17).
-162
Let x(y) = -2*y**3 + 3*y**2 - 41*y + 81. Calculate x(2).
-5
Let x(u) = -1065*u + 7347. Determine x(7).
-108
Let s(k) = -k**2 - 325*k - 12. Determine s(0).
-12
Let o(j) = -188*j + 564. What is o(3)?
0
Let c(q) = q**3 - 10*q**2 + 34*q - 39. Determine c(5).
6
Let g(j) = 465*j - 8419. Determine g(18).
-49
Let v(p) = -110*p - 463. Give v(-4).
-23
Let g(z) = 33*z**3 + 4*z**2 + 2*z - 2. Give g(1).
37
Let d(c) = -8*c**3 - 158*c**2 - 128*c - 232. What is d(-19)?
34
Let l(y) = y**3 + 18*y**2 + 71*y - 7. Calculate l(-6).
-1
Let r(d) = 46*d - 437. Calculate r(11).
69
Let k(r) = -r**3 - 9*r**2 - 14*r - 25. Determine k(-8).
23
Let z(m) = 54*m + 6387. Give z(-118).
15
Let l(w) = w**3 - 107*w**2 - 1431*w + 365. Determine l(119).
8
Let r(q) = -2*q**3 + 2*q**2 - 3*q + 7. What is r(0)?
7
Let h(g) = 13*g - 82. Give h(1).
-69
Let a(s) = -36*s**2 + 14*s + 13. What is a(-1)?
-37
Let i(c) = 110*c**3 - c**2 - 6*c + 7. Give i(1).
110
Let v(z) = z**2 + 95*z + 441. Calculate v(-5).
-9
Let l(y) = 154*y + 2763. Determine l(-18).
-9
Let y(v) = -5*v + 152. Give y(7).
117
Let s(h) = -113*h**2 - 3504*h - 27. What is s(-31)?
4
Let f(j) = -998*j - 32951. Determine f(-33).
-17
Let q(v) = -118*v - 1526. Determine q(-13).
8
Let a(u) = -2*u**3 + 37*u**2 - 11*u + 20. What is a(18)?
146
Let y(g) = 4*g**3 - 6*g**2 + 16*g - 14. Determine y(4).
210
Let n(v) = -v**3 + 60*v**2 + 114*v + 623. What is n(62)?
3
Let a(d) = -d**3 - 15*d**2 + 99*d - 26. Calculate a(-20).
-6
Let h(k) = -k**2 - 79*k - 3. Calculate h(-79).
-3
Let y(x) = 39*x + 395. Give y(-10).
5
Let q(n) = 38*n**2 + 32*n - 12. Give q(-4).
468
Let i(c) = -13*c - 60. What is i(-18)?
174
Let u(p) = -p**2 + 47*p - 232. What is u(6)?
14
Let u(m) = m**3 - 21*m**2 + 108*m. What is u(12)?
0
Let q(y) = -89*y - 1049. Calculate q(-10).
-159
Let f(u) = 18*u**2 + 711*u - 1900. Give f(-42).
-10
Let m(k) = -k**3 - 10*k**2 + 19*k - 74. Calculate m(-12).
-14
Let g(r) = -3*r**3 + 13*r**2 + 39*r + 6. Give g(-3).
87
Let z(o) = -7*o**2 - 119*o - 476. Give z(-12).
-56
Let u(o) = 6555*o - 26212. Give u(4).
8
Let j(c) = -c**3 + 16*c**2 - 57*c + 81. Give j(10).
111
Let x(u) = 33*u - 103. Determine x(3).
-4
Let a(c) = -5*c**2 + 53*c - 133. Calculate a(6).
5
Let o(k) = k**3 - 44*k**2 + 163*k + 1247. What is o(39)?
-1
Let m(b) = -b**2 + 450*b + 3204. Calculate m(-7).
5
Let a(c) = c**3 + 60*c**2 + 71*c + 773. What is a(-59)?
65
Let r(h) = 2*h**3 - 8*h**2 + 18*h + 2. Determine r(4).
74
Let l(c) = -c**3 - c**2 + 12*c + 3. Give l(-6).
111
Let z(g) = g**3 - 28*g**2 - 58*g - 4. What is z(30)?
56
Let i(x) = -x**3 - 10*x**2 + 10*x + 25. Determine i(-6).
-179
Let h(v) = -1320*v - 4012. Calculate h(-3).
-52
Let m(a) = -a**3 - 16*a**2 - 73*a - 9. What is m(-8)?
63
Let q(l) = 113*l - 138. Determine q(3).
201
Let k(f) = 3*f**2 + 85*f + 3. What is k(-28)?
-25
Let t(p) = -p**3 - 13*p**2 + p - 154. Give t(-13).
-167
Let o(s) = 3*s**3 - 19*s**2 + 42*s - 237. Determine o(6).
-21
Let r(k) = k**2 - 204*k - 1691. Give r(-8).
5
Let c(a) = a**3 - 51*a**2 - 229*a - 18. What is c(-4)?
18
Let a(m) = 115*m + 4598. Calculate a(-40).
-2
Let u(v) = 5*v - 121. What is u(24)?
-1
Let d(a) = 1574*a - 17295. Give d(11).
19
Let n(h) = -41*h - 25. Calculate n(-1).
16
Let i(z) = -z**2 - 588*z + 9663. What is i(16)?
-1
Let n(r) = -16*r**3 + 608*r**2 + 3*r - 112. What is n(38)?
2
Let b(i) = 2*i**2 - 48*i. What is b(33)?
594
Let j(a) = 69*a**3 - 16*a**2 - 15*a + 1. Calculate j(-1).
-69
Let w(l) = -9*l - 404. What is w(-35)?
-89
Let l(f) = 10378*f - 62269. Give l(6).
-1
Let g(t) = t**3 + 8*t**2 - 69*t - 325. Calculate g(-12).
-73
Let l(q) = -3*q**3 + 16*q**2 + 5*q + 33. Give l(6).
-9
Let z(a) = 3*a**2 + 210*a + 1167. Calculate z(-6).
15
Let j(f) = -6*f**3 + 2*f**2 + 19*f + 57. What is j(-3)?
180
Let f(q) = -706*q + 3527. Determine f(5).
-3
Let l(a) = 101*a - 289. Give l(4).
115
Let t(d) = d**3 + 15*d**2 - 318*d - 71. Give t(12).
1
Let b(k) = k**3 - 9*k**2 - 10*k - 5. What is b(5)?
-155
Let a(m) = m**3 - 104*m**2 - 207*m - 545. What is a(106)?
-15
Let k(t) = -157*t**2 + 793*t - 3. What is k(5)?
37
Let p(b) = -b**3 + 44*b**2 + 148*b - 271. Calculate p(47).
58
Let p(x) = -17*x - 6. Give p(2).
-40
Let q(n) = 80*n + 1352. What is q(-17)?
-8
Let n(t) = 335*t - 3369. Give n(10).
-19
Let k(h) = 238*h - 3539. Calculate k(15).
31
Let z(h) = -h**2 - 694*h + 2093. Calculate z(3).
2
Let t(v) = 130*v - 9218. Give t(71).
12
Let i(b) = 133*b**2 + 797*b + 2. Calculate i(-6).
8
Let n(c) = -13*c - 49. Calculate n(-6).
29
Let o(z) = z**3 + 19*z**2 - 34*z + 27. Determine o(-20).
307
Let l(v) = v**3 + 16*v**2 + 63*v + 21. What is l(-10)?
-9
Let d(k) = 4*k**2 - 33*k - 171. Determine d(-5).
94
Let x(i) = 38094*i - 228561. Give x(6).
3
Let i(m) = -4*m**2 - 39*m - 202. What is i(0)?
-202
Let n(g) = -7*g**2 - 2760*g - 8252. C